t is the hundreds digit of 7539?
5
What is the thousands digit of 156868?
6
What is the hundreds digit of 209?
2
What is the hundreds digit of 32262?
2
What is the units digit of 373?
3
What is the hundreds digit of 18272?
2
What is the ten thousands digit of 15525?
1
What is the hundreds digit of 152?
1
What is the units digit of 149?
9
What is the ten thousands digit of 135691?
3
What is the units digit of 83318?
8
What is the tens digit of 10918?
1
What is the units digit of 4657?
7
What is the tens digit of 6416?
1
What is the units digit of 2284?
4
What is the hundreds digit of 3559?
5
What is the hundreds digit of 256?
2
What is the thousands digit of 4457?
4
What is the hundreds digit of 19597?
5
What is the ten thousands digit of 16145?
1
What is the tens digit of 5572?
7
What is the tens digit of 1996?
9
What is the hundreds digit of 370?
3
What is the thousands digit of 20257?
0
What is the tens digit of 2098?
9
What is the tens digit of 9713?
1
What is the hundreds digit of 4915?
9
What is the tens digit of 321?
2
What is the units digit of 19804?
4
What is the hundreds digit of 8072?
0
What is the hundreds digit of 2349?
3
What is the hundreds digit of 6935?
9
What is the tens digit of 62312?
1
What is the tens digit of 759?
5
What is the thousands digit of 4014?
4
What is the hundreds digit of 1195?
1
What is the hundreds digit of 693?
6
What is the tens digit of 645?
4
What is the units digit of 67843?
3
What is the units digit of 47657?
7
What is the units digit of 1144?
4
What is the hundreds digit of 1458?
4
What is the units digit of 17422?
2
What is the units digit of 11041?
1
What is the units digit of 31?
1
What is the units digit of 8477?
7
What is the thousands digit of 12215?
2
What is the tens digit of 4326?
2
What is the units digit of 1417?
7
What is the hundreds digit of 22225?
2
What is the thousands digit of 1255?
1
What is the units digit of 5162?
2
What is the ten thousands digit of 97674?
9
What is the units digit of 777?
7
What is the hundreds digit of 900?
9
What is the units digit of 104?
4
What is the thousands digit of 32798?
2
What is the units digit of 14863?
3
What is the units digit of 18668?
8
What is the tens digit of 1591?
9
What is the hundreds digit of 10873?
8
What is the units digit of 2860?
0
What is the tens digit of 118?
1
What is the units digit of 140?
0
What is the tens digit of 835?
3
What is the hundreds digit of 1045?
0
What is the units digit of 2612?
2
What is the units digit of 54437?
7
What is the tens digit of 27315?
1
What is the units digit of 39572?
2
What is the hundreds digit of 649?
6
What is the thousands digit of 4019?
4
What is the units digit of 33?
3
What is the hundreds digit of 13925?
9
What is the units digit of 166655?
5
What is the tens digit of 1891?
9
What is the thousands digit of 3478?
3
What is the tens digit of 6322?
2
What is the thousands digit of 5185?
5
What is the tens digit of 631?
3
What is the units digit of 855?
5
What is the units digit of 7026?
6
What is the tens digit of 17914?
1
What is the units digit of 448?
8
What is the hundreds digit of 42769?
7
What is the units digit of 4203?
3
What is the ten thousands digit of 11587?
1
What is the units digit of 1382?
2
What is the tens digit of 40199?
9
What is the tens digit of 1697?
9
What is the hundreds digit of 88319?
3
What is the thousands digit of 1338?
1
What is the ten thousands digit of 51222?
5
What is the thousands digit of 3173?
3
What is the hundreds digit of 77351?
3
What is the hundreds digit of 852?
8
What is the units digit of 11522?
2
What is the units digit of 13128?
8
What is the thousands digit of 4402?
4
What is the units digit of 7005?
5
What is the thousands digit of 11393?
1
What is the tens digit of 9947?
4
What is the ten thousands digit of 66648?
6
What is the hundreds digit of 110823?
8
What is the thousands digit of 3605?
3
What is the units digit of 5494?
4
What is the hundreds digit of 23931?
9
What is the units digit of 3545?
5
What is the ten thousands digit of 11031?
1
What is the thousands digit of 2448?
2
What is the thousands digit of 25985?
5
What is the thousands digit of 2093?
2
What is the tens digit of 5208?
0
What is the tens digit of 43920?
2
What is the tens digit of 109033?
3
What is the tens digit of 52962?
6
What is the thousands digit of 2826?
2
What is the ten thousands digit of 138440?
3
What is the tens digit of 867?
6
What is the tens digit of 5558?
5
What is the tens digit of 8389?
8
What is the units digit of 3346?
6
What is the hundreds digit of 14432?
4
What is the hundreds digit of 5325?
3
What is the hundreds digit of 916?
9
What is the tens digit of 6061?
6
What is the ten thousands digit of 12855?
1
What is the units digit of 2000?
0
What is the units digit of 370?
0
What is the hundreds digit of 189?
1
What is the units digit of 42?
2
What is the thousands digit of 14613?
4
What is the hundreds digit of 403?
4
What is the ten thousands digit of 53129?
5
What is the units digit of 333?
3
What is the tens digit of 1287?
8
What is the ten thousands digit of 12080?
1
What is the units digit of 3763?
3
What is the hundreds digit of 9718?
7
What is the hundreds digit of 15101?
1
What is the units digit of 22514?
4
What is the units digit of 2675?
5
What is the hundreds digit of 744?
7
What is the thousands digit of 7496?
7
What is the hundreds digit of 364?
3
What is the units digit of 8485?
5
What is the ten thousands digit of 76652?
7
What is the thousands digit of 6797?
6
What is the tens digit of 59890?
9
What is the tens digit of 8309?
0
What is the tens digit of 17623?
2
What is the hundreds digit of 195?
1
What is the thousands digit of 4486?
4
What is the hundreds digit of 425?
4
What is the hundreds digit of 30709?
7
What is the units digit of 46618?
8
What is the tens digit of 749?
4
What is the hundreds digit of 3650?
6
What is the tens digit of 7435?
3
What is the units digit of 4980?
0
What is the hundreds digit of 19301?
3
What is the ten thousands digit of 13071?
1
What is the thousands digit of 46763?
6
What is the units digit of 141?
1
What is the ten thousands digit of 25419?
2
What is the units digit of 16231?
1
What is the thousands digit of 1032?
1
What is the hundreds digit of 3385?
3
What is the hundreds digit of 1481?
4
What is the tens digit of 2273?
7
What is the units digit of 11?
1
What is the thousands digit of 72087?
2
What is the tens digit of 11612?
1
What is the thousands digit of 30026?
0
What is the tens digit of 5451?
5
What is the units digit of 2294?
4
What is the units digit of 1230?
0
What is the tens digit of 1030?
3
What is the thousands digit of 78722?
8
What is the hundreds digit of 730?
7
What is the units digit of 6514?
4
What is the ten thousands digit of 38455?
3
What is the hundreds digit of 1748?
7
What is the thousands digit of 1335?
1
What is the thousands digit of 5713?
5
What is the thousands digit of 6783?
6
What is the tens digit of 4944?
4
What is the units digit of 34509?
9
What is the thousands digit of 28531?
8
What is the hundreds digit of 8712?
7
What is the units digit of 2144?
4
What is the units digit of 36721?
1
What is the hundreds digit of 68771?
7
What is the hundreds digit of 5507?
5
What is the hundreds digit of 4235?
2
What is the units digit of 13248?
8
What is the thousands digit of 6864?
6
What is the thousands digit of 8671?
8
What is the units digit of 12415?
5
What is the tens digit of 27338?
3
What is the tens digit of 102474?
7
What is the hundreds digit of 156601?
6
What is the tens digit of 18546?
4
What is the units digit of 819?
9
What is the hundreds digit of 43114?
1
What is the units digit of 28?
8
What is the tens digit of 2842?
4
What is the thousands digit of 5841?
5
What is the units digit of 10036?
6
What is the tens digit of 2575?
7
What is the thousands digit of 6794?
6
What is the thousands digit of 21662?
1
What is the hundreds digit of 1124?
1
What is the tens digit of 4241?
4
What is the hundreds digit of 130639?
6
What is the units digit of 90730?
0
What is the units digit of 484?
4
What is the thousands digit of 3394?
3
What is the hundreds digit of 6308?
3
What is the hundreds digit of 4129?
1
What is the tens digit of 43746?
4
What is the un